{"id":63181,"date":"2026-04-13T09:35:36","date_gmt":"2026-04-13T13:35:36","guid":{"rendered":"https:\/\/raic.org\/?post_type=showcase&#038;p=63181"},"modified":"2026-04-15T09:53:46","modified_gmt":"2026-04-15T13:53:46","slug":"mobs-and-microbes-global-perspectives-on-market-halls-civic-order-and-public-health","status":"publish","type":"showcase","link":"https:\/\/raic.org\/fr\/laureats-medailles\/mobs-and-microbes-global-perspectives-on-market-halls-civic-order-and-public-health\/","title":{"rendered":"Mobs and Microbes: Global Perspectives on Market Halls, Civic Order and Public Health"},"content":{"rendered":"\n<div class=\"wp-block-columns is-layout-flex wp-container-core-columns-is-layout-9d6595d7 wp-block-columns-is-layout-flex\">\n<div class=\"wp-block-column is-layout-flow wp-block-column-is-layout-flow\"><div class=\"wp-block-image\">\n<figure class=\"aligncenter size-large\"><img decoding=\"async\" width=\"768\" height=\"1024\" data-src=\"https:\/\/raic.org\/sites\/raic.org\/wp-content\/uploads\/2026\/03\/4.-figure-5.2f.-City-Market-Nairobi.-Interior-view-768x1024.jpg\" alt=\"\" class=\"wp-image-62821 lazyload\" data-srcset=\"https:\/\/raic.org\/sites\/raic.org\/wp-content\/uploads\/2026\/03\/4.-figure-5.2f.-City-Market-Nairobi.-Interior-view-768x1024.jpg 768w, https:\/\/raic.org\/sites\/raic.org\/wp-content\/uploads\/2026\/03\/4.-figure-5.2f.-City-Market-Nairobi.-Interior-view-225x300.jpg 225w, https:\/\/raic.org\/sites\/raic.org\/wp-content\/uploads\/2026\/03\/4.-figure-5.2f.-City-Market-Nairobi.-Interior-view-1152x1536.jpg 1152w, https:\/\/raic.org\/sites\/raic.org\/wp-content\/uploads\/2026\/03\/4.-figure-5.2f.-City-Market-Nairobi.-Interior-view-1536x2048.jpg 1536w, https:\/\/raic.org\/sites\/raic.org\/wp-content\/uploads\/2026\/03\/4.-figure-5.2f.-City-Market-Nairobi.-Interior-view-300x400.jpg 300w\" data-sizes=\"(max-width: 768px) 100vw, 768px\" src=\"data:image\/svg+xml;base64,PHN2ZyB3aWR0aD0iMSIgaGVpZ2h0PSIxIiB4bWxucz0iaHR0cDovL3d3dy53My5vcmcvMjAwMC9zdmciPjwvc3ZnPg==\" style=\"--smush-placeholder-width: 768px; --smush-placeholder-aspect-ratio: 768\/1024;\" \/><figcaption class=\"wp-element-caption\">City Market, Nairobi Nkatha Gichuyia<\/figcaption><\/figure>\n<\/div><\/div>\n<\/div>\n\n\n\n<p>Mobs and Microbes: Global Perspectives on Market Halls, Civic Order and Public Health propose une r\u00e9\u00e9valuation approfondie des halles de march\u00e9 en tant qu\u2019institution architecturale et civique majeure. \u00c0 travers une perspective \u00e0 la fois mondiale et ancr\u00e9e dans l\u2019histoire, l\u2019ouvrage examine comment ces espaces ont servi non seulement de lieux d\u2019\u00e9change commercial, mais aussi d\u2019outils de gouvernance, d\u2019organisation sociale et de sant\u00e9 publique.<\/p>\n\n\n\n<p>S\u2019appuyant sur une recherche interdisciplinaire qui croise l\u2019histoire de l\u2019architecture, les \u00e9tudes urbaines et la sant\u00e9 publique, l\u2019ouvrage met en lumi\u00e8re la mani\u00e8re dont ces espaces ont \u00e9merg\u00e9 en r\u00e9ponse \u00e0 des pr\u00e9occupations li\u00e9es \u00e0 l\u2019assainissement, \u00e0 la gestion des foules et \u00e0 l\u2019ordre civique. En situant la halle de march\u00e9 dans des cadres politiques et culturels plus larges, le livre d\u00e9montre comment l\u2019architecture a historiquement \u00e9t\u00e9 mobilis\u00e9e pour structurer et r\u00e9guler la vie publique.<\/p>\n\n\n\n<p>Alliant rigueur scientifique et riche documentation visuelle, la publication rend accessibles des relations historiques et spatiales complexes \u00e0 un vaste lectorat. Son analyse des interactions entre l\u2019architecture et les enjeux de sant\u00e9, d\u2019\u00e9quit\u00e9 et d\u2019infrastructures civiques apporte une contribution significative aux r\u00e9flexions contemporaines sur la conception et la gouvernance des espaces publics.<\/p>\n\n\n\n<p>Contributeurs :<br>Leila Marie Farah et Samantha L. Martin (codirectrices)<br>Samantha L. Martin, Leila Marie Farah, Ashley Rose Young, Daniel Williamson, Zhengfeng Wang, Nkatha Gichuyia, Xusheng Huang, Ruth Lo, Emeline Houssard, Henriette Steiner, Andrea Borghini et Min Kyung Lee (auteurs)<br>Leuven University Press (\u00e9diteur)<\/p>\n\n\n\n<div class=\"wp-block-raic-blocks-raic-block-quote\">\n    <blockquote class=\"raic-block-quote\">\n                    <h3 class=\"raic-block-quote-heading\">COMMENTAIRE(S) DU JURY<\/h3>\n                \n        <p class=\"raic-block-quote-text\">Le jury a s\u00e9lectionn\u00e9 <em>Mobs and Microbes: Global Perspectives on Market Halls, Civic Order and Public Health<\/em> pour la profondeur exceptionnelle de sa recherche et pour son analyse opportune et pertinente \u00e0 l\u2019\u00e9chelle mondiale de la halle de march\u00e9 comme instrument civique et politique. L\u2019ouvrage renouvelle la lecture d\u2019une typologie architecturale famili\u00e8re \u00e0 travers une approche critique, historique et ax\u00e9e sur la sant\u00e9 publique, en mettant en lumi\u00e8re la mani\u00e8re dont ces espaces ont fa\u00e7onn\u00e9 \u2014 et \u00e9t\u00e9 fa\u00e7onn\u00e9s par \u2014 des dynamiques sociales telles que les maladies, le contr\u00f4le, la gouvernance et l\u2019ordre public.<br>Les membres du jury ont salu\u00e9 la clart\u00e9 du manuscrit, son accessibilit\u00e9 ainsi que la richesse et la qualit\u00e9 de sa recherche, tant visuelle qu\u2019\u00e9crite. Sa perspective interdisciplinaire, de m\u00eame que sa pertinence par rapport aux enjeux contemporains li\u00e9s aux espaces publics, aux infrastructures civiques et \u00e0 l\u2019\u00e9quit\u00e9 sociale, ont \u00e9t\u00e9 jug\u00e9es particuli\u00e8rement marquantes.<br>Cet ouvrage constitue un mod\u00e8le de recherche en architecture, contribuant \u00e0 approfondir la compr\u00e9hension du r\u00f4le de l\u2019architecture au sein des syst\u00e8mes culturels et politiques plus larges.<br><\/p>\n        \n                    <cite class=\"raic-block-quote-byline\">\n                                    Jury des Prix annuels 2026                            <\/cite>\n            <\/blockquote>\n<\/div>\n\n\n<div class=\"raic-image-gallery-block wp-block-raic-blocks-raic-image-gallery\">\n    <div class=\"showcase-gallery-wrapper\">\n                    <h2 class=\"showcase-gallery-title\">Image Gallery<\/h2>\n                \n        <div class=\"showcase-gallery gallery-columns-3\">\n                            <div class=\"gallery-item\">\n                                            <a href=\"https:\/\/raic.org\/sites\/raic.org\/wp-content\/uploads\/2026\/03\/1.-Photo-Leila-M.-Farah_MRAIC.jpg\"\n                           class=\"gallery-link\"\n                           data-lightbox=\"showcase-gallery\"\n                           data-caption=\"\"\n                           data-credit=\"\"\n                           aria-label=\"View gallery image 1\">\n                            <img decoding=\"async\" data-src=\"https:\/\/raic.org\/sites\/raic.org\/wp-content\/uploads\/2026\/03\/1.-Photo-Leila-M.-Farah_MRAIC.jpg\"\n                                 alt=\"\"\n                                 class=\"gallery-thumbnail lazyload\" src=\"data:image\/svg+xml;base64,PHN2ZyB3aWR0aD0iMSIgaGVpZ2h0PSIxIiB4bWxucz0iaHR0cDovL3d3dy53My5vcmcvMjAwMC9zdmciPjwvc3ZnPg==\" style=\"--smush-placeholder-width: 1200px; --smush-placeholder-aspect-ratio: 1200\/900;\">\n                        <\/a>\n                                                        <\/div>\n                            <div class=\"gallery-item\">\n                                            <a href=\"https:\/\/raic.org\/sites\/raic.org\/wp-content\/uploads\/2026\/03\/2.-Photo-Samantha-L.-Martin.jpeg\"\n                           class=\"gallery-link\"\n                           data-lightbox=\"showcase-gallery\"\n                           data-caption=\"\"\n                           data-credit=\"\"\n                           aria-label=\"View gallery image 2\">\n                            <img decoding=\"async\" data-src=\"https:\/\/raic.org\/sites\/raic.org\/wp-content\/uploads\/2026\/03\/2.-Photo-Samantha-L.-Martin.jpeg\"\n                                 alt=\"\"\n                                 class=\"gallery-thumbnail lazyload\" src=\"data:image\/svg+xml;base64,PHN2ZyB3aWR0aD0iMSIgaGVpZ2h0PSIxIiB4bWxucz0iaHR0cDovL3d3dy53My5vcmcvMjAwMC9zdmciPjwvc3ZnPg==\" style=\"--smush-placeholder-width: 564px; --smush-placeholder-aspect-ratio: 564\/528;\">\n                        <\/a>\n                                                        <\/div>\n                            <div class=\"gallery-item\">\n                                            <a href=\"https:\/\/raic.org\/sites\/raic.org\/wp-content\/uploads\/2026\/03\/6.-figure-10.10.-Torvehallerne-Copenhagen-pictured-open-during-the-COVID-19-pandemic.jpeg\"\n                           class=\"gallery-link\"\n                           data-lightbox=\"showcase-gallery\"\n                           data-caption=\"Torvehallerne, Copenhagen, during the COVID-19 pandemic\"\n                           data-credit=\"Henriette Steiner\"\n                           aria-label=\"View image: Torvehallerne, Copenhagen, during the COVID-19 pandemic\">\n                            <img decoding=\"async\" data-src=\"https:\/\/raic.org\/sites\/raic.org\/wp-content\/uploads\/2026\/03\/6.-figure-10.10.-Torvehallerne-Copenhagen-pictured-open-during-the-COVID-19-pandemic.jpeg\"\n                                 alt=\"\"\n                                 class=\"gallery-thumbnail lazyload\" src=\"data:image\/svg+xml;base64,PHN2ZyB3aWR0aD0iMSIgaGVpZ2h0PSIxIiB4bWxucz0iaHR0cDovL3d3dy53My5vcmcvMjAwMC9zdmciPjwvc3ZnPg==\" style=\"--smush-placeholder-width: 4032px; --smush-placeholder-aspect-ratio: 4032\/3024;\">\n                        <\/a>\n                                                                <div class=\"gallery-item-info\">\n                                                            <p class=\"gallery-caption\">Torvehallerne, Copenhagen, during the COVID-19 pandemic<\/p>\n                                                                                        <p class=\"gallery-credit\">Henriette Steiner<\/p>\n                                                    <\/div>\n                                    <\/div>\n                    <\/div>\n    <\/div>\n    \n    <!-- Lightbox Modal (using existing structure) -->\n    <div id=\"showcase-lightbox\" class=\"lightbox-modal\">\n        <span class=\"lightbox-close\">&times;<\/span>\n        <img class=\"lightbox-content\" id=\"lightbox-image\">\n        <div class=\"lightbox-info\">\n            <div class=\"lightbox-caption\"><\/div>\n            <div class=\"lightbox-credit\"><\/div>\n        <\/div>\n        <a class=\"lightbox-prev\">&#10094;<\/a>\n        <a class=\"lightbox-next\">&#10095;<\/a>\n    <\/div>\n<\/div>","protected":false},"featured_media":62828,"template":"","meta":{"_acf_changed":false},"showcase-filter":[334],"class_list":["post-63181","showcase","type-showcase","status-publish","has-post-thumbnail","hentry","showcase-filter-prix-du-journalisme-et-des-medias-en-architecture-de-lirac"],"acf":[],"_links":{"self":[{"href":"https:\/\/raic.org\/fr\/wp-json\/wp\/v2\/showcase\/63181","targetHints":{"allow":["GET"]}}],"collection":[{"href":"https:\/\/raic.org\/fr\/wp-json\/wp\/v2\/showcase"}],"about":[{"href":"https:\/\/raic.org\/fr\/wp-json\/wp\/v2\/types\/showcase"}],"wp:featuredmedia":[{"embeddable":true,"href":"https:\/\/raic.org\/fr\/wp-json\/wp\/v2\/media\/62828"}],"wp:attachment":[{"href":"https:\/\/raic.org\/fr\/wp-json\/wp\/v2\/media?parent=63181"}],"wp:term":[{"taxonomy":"showcase-filter","embeddable":true,"href":"https:\/\/raic.org\/fr\/wp-json\/wp\/v2\/showcase-filter?post=63181"}],"curies":[{"name":"wp","href":"https:\/\/api.w.org\/{rel}","templated":true}]}}

<div class="wp-block-columns is-layout-flex wp-container-core-columns-is-layout-9d6595d7 wp-block-columns-is-layout-flex">
<div class="wp-block-column is-layout-flow wp-block-column-is-layout-flow"><div class="wp-block-image">
<figure class="aligncenter size-large"><img decoding="async" width="768" height="1024" data-src="https://raic.org/sites/raic.org/wp-content/uploads/2026/03/4.-figure-5.2f.-City-Market-Nairobi.-Interior-view-768x1024.jpg" alt="" class="wp-image-62821 lazyload" data-srcset="https://raic.org/sites/raic.org/wp-content/uploads/2026/03/4.-figure-5.2f.-City-Market-Nairobi.-Interior-view-768x1024.jpg 768w, https://raic.org/sites/raic.org/wp-content/uploads/2026/03/4.-figure-5.2f.-City-Market-Nairobi.-Interior-view-225x300.jpg 225w, https://raic.org/sites/raic.org/wp-content/uploads/2026/03/4.-figure-5.2f.-City-Market-Nairobi.-Interior-view-1152x1536.jpg 1152w, https://raic.org/sites/raic.org/wp-content/uploads/2026/03/4.-figure-5.2f.-City-Market-Nairobi.-Interior-view-1536x2048.jpg 1536w, https://raic.org/sites/raic.org/wp-content/uploads/2026/03/4.-figure-5.2f.-City-Market-Nairobi.-Interior-view-300x400.jpg 300w" data-sizes="(max-width: 768px) 100vw, 768px" src="data:image/svg+xml;base64,PHN2ZyB3aWR0aD0iMSIgaGVpZ2h0PSIxIiB4bWxucz0iaHR0cDovL3d3dy53My5vcmcvMjAwMC9zdmciPjwvc3ZnPg==" style="--smush-placeholder-width: 768px; --smush-placeholder-aspect-ratio: 768/1024;" /><figcaption class="wp-element-caption">City Market, Nairobi Nkatha Gichuyia</figcaption></figure>
</div></div>
</div>



<p>Mobs and Microbes: Global Perspectives on Market Halls, Civic Order and Public Health propose une réévaluation approfondie des halles de marché en tant qu’institution architecturale et civique majeure. À travers une perspective à la fois mondiale et ancrée dans l’histoire, l’ouvrage examine comment ces espaces ont servi non seulement de lieux d’échange commercial, mais aussi d’outils de gouvernance, d’organisation sociale et de santé publique.</p>



<p>S’appuyant sur une recherche interdisciplinaire qui croise l’histoire de l’architecture, les études urbaines et la santé publique, l’ouvrage met en lumière la manière dont ces espaces ont émergé en réponse à des préoccupations liées à l’assainissement, à la gestion des foules et à l’ordre civique. En situant la halle de marché dans des cadres politiques et culturels plus larges, le livre démontre comment l’architecture a historiquement été mobilisée pour structurer et réguler la vie publique.</p>



<p>Alliant rigueur scientifique et riche documentation visuelle, la publication rend accessibles des relations historiques et spatiales complexes à un vaste lectorat. Son analyse des interactions entre l’architecture et les enjeux de santé, d’équité et d’infrastructures civiques apporte une contribution significative aux réflexions contemporaines sur la conception et la gouvernance des espaces publics.</p>



<p>Contributeurs :<br>Leila Marie Farah et Samantha L. Martin (codirectrices)<br>Samantha L. Martin, Leila Marie Farah, Ashley Rose Young, Daniel Williamson, Zhengfeng Wang, Nkatha Gichuyia, Xusheng Huang, Ruth Lo, Emeline Houssard, Henriette Steiner, Andrea Borghini et Min Kyung Lee (auteurs)<br>Leuven University Press (éditeur)</p>



<div class="wp-block-raic-blocks-raic-block-quote">
    <blockquote class="raic-block-quote">
                    <h3 class="raic-block-quote-heading">COMMENTAIRE(S) DU JURY</h3>
                
        <p class="raic-block-quote-text">Le jury a sélectionné <em>Mobs and Microbes: Global Perspectives on Market Halls, Civic Order and Public Health</em> pour la profondeur exceptionnelle de sa recherche et pour son analyse opportune et pertinente à l’échelle mondiale de la halle de marché comme instrument civique et politique. L’ouvrage renouvelle la lecture d’une typologie architecturale familière à travers une approche critique, historique et axée sur la santé publique, en mettant en lumière la manière dont ces espaces ont façonné — et été façonnés par — des dynamiques sociales telles que les maladies, le contrôle, la gouvernance et l’ordre public.<br>Les membres du jury ont salué la clarté du manuscrit, son accessibilité ainsi que la richesse et la qualité de sa recherche, tant visuelle qu’écrite. Sa perspective interdisciplinaire, de même que sa pertinence par rapport aux enjeux contemporains liés aux espaces publics, aux infrastructures civiques et à l’équité sociale, ont été jugées particulièrement marquantes.<br>Cet ouvrage constitue un modèle de recherche en architecture, contribuant à approfondir la compréhension du rôle de l’architecture au sein des systèmes culturels et politiques plus larges.<br></p>
        
                    <cite class="raic-block-quote-byline">
                                    Jury des Prix annuels 2026                            </cite>
            </blockquote>
</div>


<div class="raic-image-gallery-block wp-block-raic-blocks-raic-image-gallery">
    <div class="showcase-gallery-wrapper">
                    <h2 class="showcase-gallery-title">Image Gallery</h2>
                
        <div class="showcase-gallery gallery-columns-3">
                            <div class="gallery-item">
                                            <a href="https://raic.org/sites/raic.org/wp-content/uploads/2026/03/1.-Photo-Leila-M.-Farah_MRAIC.jpg"
                           class="gallery-link"
                           data-lightbox="showcase-gallery"
                           data-caption=""
                           data-credit=""
                           aria-label="View gallery image 1">
                            <img decoding="async" data-src="https://raic.org/sites/raic.org/wp-content/uploads/2026/03/1.-Photo-Leila-M.-Farah_MRAIC.jpg"
                                 alt=""
                                 class="gallery-thumbnail lazyload" src="data:image/svg+xml;base64,PHN2ZyB3aWR0aD0iMSIgaGVpZ2h0PSIxIiB4bWxucz0iaHR0cDovL3d3dy53My5vcmcvMjAwMC9zdmciPjwvc3ZnPg==" style="--smush-placeholder-width: 1200px; --smush-placeholder-aspect-ratio: 1200/900;">
                        </a>
                                                        </div>
                            <div class="gallery-item">
                                            <a href="https://raic.org/sites/raic.org/wp-content/uploads/2026/03/2.-Photo-Samantha-L.-Martin.jpeg"
                           class="gallery-link"
                           data-lightbox="showcase-gallery"
                           data-caption=""
                           data-credit=""
                           aria-label="View gallery image 2">
                            <img decoding="async" data-src="https://raic.org/sites/raic.org/wp-content/uploads/2026/03/2.-Photo-Samantha-L.-Martin.jpeg"
                                 alt=""
                                 class="gallery-thumbnail lazyload" src="data:image/svg+xml;base64,PHN2ZyB3aWR0aD0iMSIgaGVpZ2h0PSIxIiB4bWxucz0iaHR0cDovL3d3dy53My5vcmcvMjAwMC9zdmciPjwvc3ZnPg==" style="--smush-placeholder-width: 564px; --smush-placeholder-aspect-ratio: 564/528;">
                        </a>
                                                        </div>
                            <div class="gallery-item">
                                            <a href="https://raic.org/sites/raic.org/wp-content/uploads/2026/03/6.-figure-10.10.-Torvehallerne-Copenhagen-pictured-open-during-the-COVID-19-pandemic.jpeg"
                           class="gallery-link"
                           data-lightbox="showcase-gallery"
                           data-caption="Torvehallerne, Copenhagen, during the COVID-19 pandemic"
                           data-credit="Henriette Steiner"
                           aria-label="View image: Torvehallerne, Copenhagen, during the COVID-19 pandemic">
                            <img decoding="async" data-src="https://raic.org/sites/raic.org/wp-content/uploads/2026/03/6.-figure-10.10.-Torvehallerne-Copenhagen-pictured-open-during-the-COVID-19-pandemic.jpeg"
                                 alt=""
                                 class="gallery-thumbnail lazyload" src="data:image/svg+xml;base64,PHN2ZyB3aWR0aD0iMSIgaGVpZ2h0PSIxIiB4bWxucz0iaHR0cDovL3d3dy53My5vcmcvMjAwMC9zdmciPjwvc3ZnPg==" style="--smush-placeholder-width: 4032px; --smush-placeholder-aspect-ratio: 4032/3024;">
                        </a>
                                                                <div class="gallery-item-info">
                                                            <p class="gallery-caption">Torvehallerne, Copenhagen, during the COVID-19 pandemic</p>
                                                                                        <p class="gallery-credit">Henriette Steiner</p>
                                                    </div>
                                    </div>
                    </div>
    </div>
    
    <!-- Lightbox Modal (using existing structure) -->
    <div id="showcase-lightbox" class="lightbox-modal">
        <span class="lightbox-close">&times;</span>
        <img class="lightbox-content" id="lightbox-image">
        <div class="lightbox-info">
            <div class="lightbox-caption"></div>
            <div class="lightbox-credit"></div>
        </div>
        <a class="lightbox-prev">&#10094;</a>
        <a class="lightbox-next">&#10095;</a>
    </div>
</div>
